19
What are the prime factors of 39968?
2, 1249
List the prime factors of 71641.
31, 2311
What are the prime factors of 2200?
2, 5, 11
List the prime factors of 4799.
4799
What are the prime factors of 1179?
3, 131
List the prime factors of 578.
2, 17
What are the prime factors of 721?
7, 103
What are the prime factors of 17544?
2, 3, 17, 43
List the prime factors of 857.
857
List the prime factors of 1917.
3, 71
What are the prime factors of 2509?
13, 193
What are the prime factors of 20645?
5, 4129
What are the prime factors of 68093?
149, 457
List the prime factors of 11555.
5, 2311
List the prime factors of 13592.
2, 1699
What are the prime factors of 3292?
2, 823
What are the prime factors of 227?
227
List the prime factors of 10468.
2, 2617
List the prime factors of 33508.
2, 8377
What are the prime factors of 2962?
2, 1481
List the prime factors of 369.
3, 41
What are the prime factors of 16475?
5, 659
What are the prime factors of 3566?
2, 1783
What are the prime factors of 1909?
23, 83
List the prime factors of 11569.
23, 503
What are the prime factors of 275?
5, 11
List the prime factors of 8204.
2, 7, 293
List the prime factors of 592.
2, 37
List the prime factors of 986.
2, 17, 29
What are the prime factors of 12313?
7, 1759
What are the prime factors of 34106?
2, 17053
What are the prime factors of 304?
2, 19
List the prime factors of 565.
5, 113
What are the prime factors of 5300?
2, 5, 53
List the prime factors of 18714.
2, 3, 3119
List the prime factors of 4578.
2, 3, 7, 109
List the prime factors of 1792.
2, 7
What are the prime factors of 28742?
2, 7, 2053
List the prime factors of 124444.
2, 53, 587
What are the prime factors of 6329?
6329
What are the prime factors of 364?
2, 7, 13
What are the prime factors of 1605?
3, 5, 107
List the prime factors of 50956.
2, 12739
What are the prime factors of 12290?
2, 5, 1229
What are the prime factors of 825?
3, 5, 11
What are the prime factors of 1939?
7, 277
List the prime factors of 55771.
43, 1297
What are the prime factors of 872?
2, 109
List the prime factors of 21849.
3, 7283
List the prime factors of 117496.
2, 19, 773
List the prime factors of 2497.
11, 227
List the prime factors of 18573.
3, 41, 151
List the prime factors of 4171.
43, 97
What are the prime factors of 65539?
65539
List the prime factors of 609.
3, 7, 29
List the prime factors of 202.
2, 101
List the prime factors of 4527.
3, 503
List the prime factors of 1576.
2, 197
List the prime factors of 100373.
7, 13, 1103
What are the prime factors of 5061?
3, 7, 241
List the prime factors of 21920.
2, 5, 137
List the prime factors of 10989.
3, 11, 37
What are the prime factors of 1376?
2, 43
What are the prime factors of 19019?
7, 11, 13, 19
What are the prime factors of 26049?
3, 19, 457
What are the prime factors of 311?
311
List the prime factors of 1862.
2, 7, 19
What are the prime factors of 107027?
19, 43, 131
What are the prime factors of 1630?
2, 5, 163
What are the prime factors of 81675?
3, 5, 11
What are the prime factors of 42251?
11, 23, 167
What are the prime factors of 838?
2, 419
What are the prime factors of 44759?
11, 13, 313
What are the prime factors of 277?
277
List the prime factors of 445.
5, 89
What are the prime factors of 86350?
2, 5, 11, 157
List the prime factors of 6069.
3, 7, 17
What are the prime factors of 354?
2, 3, 59
List the prime factors of 1459.
1459
What are the prime factors of 34920?
2, 3, 5, 97
What are the prime factors of 17376?
2, 3, 181
What are the prime factors of 42341?
13, 3257
What are the prime factors of 49087?
191, 257
List the prime factors of 28773.
3, 23, 139
List the prime factors of 1221.
3, 11, 37
List the prime factors of 5432.
2, 7, 97
List the prime factors of 10216.
2, 1277
What are the prime factors of 2197?
13
What are the prime factors of 6400?
2, 5
List the prime factors of 4976.
2, 311
What are the prime factors of 8860?
2, 5, 443
What are the prime factors of 62720?
2, 5, 7
What are the prime factors of 10661?
7, 1523
List the prime factors of 1168.
2, 73
What are the prime factors of 1880?
2, 5, 47
What are the prime factors of 1136?
2, 71
What are the prime factors of 776?
2, 97
List the prime factors of 20832.
2, 3, 7, 31
What are the prime factors of 8328?
2, 3, 347
List the prime factors of 886.
2, 443
What are the prime factors of 51225?
3, 5, 683
List the prime factors of 38474.
2, 19237
List the prime factors of 78422.
2, 113, 347
What are the prime factors of 34614?
2, 3, 641
List the prime factors of 3875.
5, 31
List the prime factors of 144292.
2, 36073
List the prime factors of 4357.
4357
What are the prime factors of 2257?
37, 61
What are the prime factors of 23522?
2, 19, 619
What are the prime factors of 409?
409
List the prime factors of 18114.
2, 3, 3019
What are the prime factors of 227?
227
What are the prime factors of 1584?
2, 3, 11
What are the prime factors of 3636?
2, 3, 101
List the prime factors of 7868.
2, 7, 281
What are the prime factors of 15110?
2, 5, 1511
List the prime factors of 130.
2, 5, 13
List the prime factors of 2089.
2089
What are the prime factors of 25431?
3, 7, 173
What are the prime factors of 329?
7, 47
List the prime factors of 2166.
2, 3, 19
What are the prime factors of 6862?
2, 47, 73
List the prime factors of 75771.
3, 8419
List the prime factors of 6751.
43, 157
What are the prime factors of 2950?
2, 5, 59
List the prime factors of 20170.
2, 5, 2017
What are the prime factors of 1328?
2, 83
What are the prime factors of 2750?
2, 5, 11
What are the prime factors of 6044?
2, 1511
What are the prime factors of 19359?
3, 239
What are the prime factors of 1696?
2, 53
List the prime factors of 2715.
3, 5, 181
List the prime factors of 11489.
11489
List the prime factors of 788.
2, 197
What are the prime factors of 195?
3, 5, 13
What are the prime factors of 2394?
2, 3, 7, 19
List the prime factors of 92088.
2, 3, 1279
What are the prime factors of 1893?
3, 631
What are the prime factors of 25437?
3, 61, 139
What are the prime factors of 5732?
2, 1433
What are the prime factors of 5136?
2, 3, 107
What are the prime factors of 25111?
25111
What are the prime factors of 52324?
2, 103, 127
List the prime factors of 2712.
2, 3, 113
What are the prime factors of 23020?
2, 5, 1151
What are the prime factors of 37603?
31, 1213
What are the prime factors of 9323?
9323
List the prime factors of 1065.
3, 5, 71
What are the prime factors of 2034?
2, 3, 113
What are the prime factors of 18894?
2, 3, 47, 67
What are the prime factors of 16426?
2, 43, 191
List the prime factors of 40053.
3, 13, 79
What are the prime factors of 20346?
2, 3, 3391
List the prime factors of 1402.
2, 701
List the prime factors of 5964.
2, 3, 7, 71
What are the prime factors of 26346?
2, 3, 4391
List the prime factors of 10331.
10331
What are the prime factors of 12357?
3, 1373
List the prime factors of 30074.
2, 11, 1367
List the prime factors of 36295.
5, 7, 17, 61
What are the prime factors of 4192?
2, 131
List the prime factors of 32.
2
List the prime factors of 13355.
5, 2671
List the prime factors of 44453.
44453
What are the prime factors of 64552?
2, 8069
List the prime factors of 6251.
7, 19, 47
List the prime factors of 50718.
2, 3, 79, 107
What are the prime factors of 3747?
3, 1249
List the prime factors of 893.
19, 47
List the prime factors of 1135.
5, 227
List the prime factors of 691.
691
List the prime factors of 7874.
2, 31, 127
List the prime factors of 3382.
2, 19, 89
What are the prime factors of 202?
2, 101
What are the prime factors of 1741?
1741
List the prime factors of 4981.
17, 293
What are the prime factors of 31419?
3, 3491
What are the prime factors of 18670?
2, 5, 1867
What are the prime factors of 3029?
13, 233
List the prime factors of 44158.
2, 22079
What are the prime factors of 2804?
2, 701
List the prime factors of 1775.
5, 71
List the prime factors of 241.
241
What are the prime factors of 23757?
3, 7919
What are the prime factors of 2211?
3, 11, 67
What are the prime factors of 30608?
2, 1913
List the prime factors of 9172.
2, 2293
List the prime factors of 60723.
3, 13, 173
What are the prime factors of 974?
2, 487
What are the prime factors of 42162?
2, 3, 7027
What are the prime factors of 73184